NOAA style reports

NOAA-style Climate Reports

Select NOAA data to display

Select a Year or Month report
2021 > Jan Feb Mar Apr May Jun Jul Aug Sep Oct Nov Dec
2020 > Jan Feb Mar Apr May Jun Jul Aug Sep Oct Nov Dec
2019 > Jan Feb Mar Apr May Jun Jul Aug Sep Oct Nov Dec
2018 > Jan Feb Mar Apr May Jun Jul Aug Sep Oct Nov Dec
2017 > Jan Feb Mar Apr May Jun Jul Aug Sep Oct Nov Dec
2016 > Jan Feb Mar Apr May Jun Jul Aug Sep Oct Nov Dec
2015 > Jan Feb Mar Apr May Jun Jul Aug Sep Oct Nov Dec
2014 > Jan Feb Mar Apr May Jun Jul Aug Sep Oct Nov Dec
2013 > Jan Feb Mar Apr May Jun Jul Aug Sep Oct Nov Dec
2012 > Jan Feb Mar Apr May Jun Jul Aug Sep Oct Nov Dec
2011 > Jan Feb Mar Apr May Jun Jul Aug Sep Oct Nov Dec
2010 > Jan Feb Mar Apr May Jun Jul Aug Sep Oct Nov Dec
2009 > Jan Feb Mar Apr May Jun Jul Aug Sep Oct Nov Dec
2008 > Jan Feb Mar Apr May Jun Jul Aug Sep Oct Nov Dec

Report for 2017 Apr

Daily noaa report



                            MONTHLY CLIMATOLOGICAL SUMMARY for APR. 2017

NAME: Home Weather Station Davis VP2   CITY: Beaconsfield STATE: Quebec, Canada
ELEV: 118 LAT: 045:25:46 LONG: 0073:51:35

                            TEMPERATURE ( C), RAIN (mm), WIND SPEED (kmh)

                                               HEAT     COOL           AVG
      MEAN                                     DEG      DEG            WIND                       DOM
DAY   TEMP    HIGH   TIME     LOW    TIME      DAYS     DAYS    RAIN   SPEED    HIGH    TIME      DIR
--------------------------------------------------------------------------------------------------------
01    01.3    02.6   16:43    00.3   07:03     17.0     00.0    03.6   03.7     20.4    01:18     NNE
02    03.8    10.4   16:24   -00.2   07:40     14.5     00.0    00.0   03.6     27.8    15:52     WSW
03    03.8    10.2   16:03   -01.4   07:25     14.5     00.0    00.0   04.3     20.4    22:52     ENE
04    03.9    04.9   14:06    02.6   06:13     14.4     00.0    29.8   10.8     35.1    17:19     ENE
05    05.0    07.9   16:17    03.2   07:02     13.3     00.0    02.0   04.0     24.1    11:17      SW
06    03.7    04.7   02:29    02.3   06:35     14.6     00.0    37.4   08.5     40.7    22:08     NNE
07    03.2    05.4   15:16    01.5   23:35     15.1     00.0    04.8   09.3     37.0    01:51      NW
08    03.8    08.8   16:43    00.4   07:14     14.5     00.0    00.0   10.4     35.1    12:19      W 
09    07.9    16.7   15:37   -01.3   07:06     10.4     00.0    00.0   01.9     18.5    11:34      S 
10    15.9    26.9   15:49    06.2   05:54     02.4     00.0    00.8   03.4     37.0    18:47     SSW
11    08.8    14.2   00:57    05.5   00:00     09.5     00.0    03.4   04.5     31.4    09:56      N 
12    06.7    10.6   12:54    04.7   07:21     11.6     00.0    01.0   05.8     31.4    16:53     WSW
13    08.2    15.3   16:10    03.6   04:53     10.1     00.0    00.0   08.8     33.3    13:17     WSW
14    08.2    16.2   16:11   -00.2   06:54     10.1     00.0    00.0   01.9     18.5    17:36      SW
15    10.5    19.7   14:49    02.0   07:00     07.8     00.0    00.8   01.6     29.6    17:08     SSE
16    12.4    15.5   14:45    09.4   00:00     05.9     00.0    11.2   02.5     40.7    18:18      NW
17    07.5    09.6   13:50    03.8   00:00     10.8     00.0    01.2   08.6     38.9    09:49      W 
18    06.1    11.6   15:36    00.7   06:56     12.2     00.0    00.0   05.6     20.4    16:06     ENE
19    07.0    09.8   12:00    05.2   03:13     11.3     00.0    15.6   05.3     24.1    10:23     ESE
20    07.8    10.4   17:19    05.5   07:10     10.5     00.0    00.0   07.1     38.9    22:59     NNE
21    09.0    12.3   16:02    06.9   04:12     09.3     00.0    03.0   08.4     42.5    06:44      E 
22    07.9    09.9   18:01    04.3   00:00     10.4     00.0    00.0   04.7     25.9    14:42     WSW
23    10.0    19.3   16:05    00.7   06:47     08.3     00.0    00.0   05.3     27.8    20:39      SW
24    05.7    10.7   15:40    01.2   07:33     12.6     00.0    00.0   06.2     22.2    07:18      NE
25    08.2    14.7   14:39    02.4   06:48     10.1     00.0    06.4   08.7     29.6    17:52      NE
26    12.2    16.8   16:19    09.1   06:44     06.1     00.0    00.8   07.2     27.8    15:23     NNE
27    16.7    25.4   15:11    10.7   06:02     01.6     00.0    00.0   06.9     25.9    18:08      NE
28    15.7    22.1   15:51    10.4   06:42     02.6     00.0    00.6   07.0     33.3    13:23      SW
29    14.0    19.9   14:33    05.4   00:00     04.3     00.0    00.0   10.2     50.0    14:08      W 
30    05.0    07.4   14:16    02.4   06:16     13.3     00.0    01.2   05.2     27.8    07:14      NE
--------------------------------------------------------------------------------------------------------
08.0 (8.3)   26.9  day 10    -01.4  day 03   309.1    000.0   124.2   06.0     50.0   day 29     NNW
Min <=   30: 30
Max Rain: 37.4 ON 6-04-17
Days of Rain: 17 (> .2mm) 9 (> 2mm) 2 (> 20mm)