NOAA style reports

NOAA-style Climate Reports

Select NOAA data to display

Select a Year or Month report
2021 > Jan Feb Mar Apr May Jun Jul Aug Sep Oct Nov Dec
2020 > Jan Feb Mar Apr May Jun Jul Aug Sep Oct Nov Dec
2019 > Jan Feb Mar Apr May Jun Jul Aug Sep Oct Nov Dec
2018 > Jan Feb Mar Apr May Jun Jul Aug Sep Oct Nov Dec
2017 > Jan Feb Mar Apr May Jun Jul Aug Sep Oct Nov Dec
2016 > Jan Feb Mar Apr May Jun Jul Aug Sep Oct Nov Dec
2015 > Jan Feb Mar Apr May Jun Jul Aug Sep Oct Nov Dec
2014 > Jan Feb Mar Apr May Jun Jul Aug Sep Oct Nov Dec
2013 > Jan Feb Mar Apr May Jun Jul Aug Sep Oct Nov Dec
2012 > Jan Feb Mar Apr May Jun Jul Aug Sep Oct Nov Dec
2011 > Jan Feb Mar Apr May Jun Jul Aug Sep Oct Nov Dec
2010 > Jan Feb Mar Apr May Jun Jul Aug Sep Oct Nov Dec
2009 > Jan Feb Mar Apr May Jun Jul Aug Sep Oct Nov Dec
2008 > Jan Feb Mar Apr May Jun Jul Aug Sep Oct Nov Dec

Report for 2017 May

Daily noaa report



                            MONTHLY CLIMATOLOGICAL SUMMARY for MAY. 2017

NAME: Home Weather Station Davis VP2   CITY: Beaconsfield STATE: Quebec, Canada
ELEV: 118 LAT: 045:25:46 LONG: 0073:51:35

                            TEMPERATURE ( C), RAIN (mm), WIND SPEED (kmh)

                                               HEAT     COOL           AVG
      MEAN                                     DEG      DEG            WIND                       DOM
DAY   TEMP    HIGH   TIME     LOW    TIME      DAYS     DAYS    RAIN   SPEED    HIGH    TIME      DIR
--------------------------------------------------------------------------------------------------------
01    07.7    09.5   17:06    05.4   01:48     10.6     00.0    47.4   07.0     44.4    20:42     NNE
02    11.8    17.7   14:24    07.8   05:11     06.5     00.0    00.2   06.7     29.6    21:47      SW
03    09.2    12.9   16:08    05.9   00:00     09.1     00.0    00.0   09.9     38.9    15:35     WSW
04    10.2    16.6   15:28    02.1   05:55     08.1     00.0    00.0   00.9     16.6    22:03     ENE
05    08.3    11.3   00:05    06.7   08:02     10.0     00.0    28.4   08.5     31.4    21:20     ENE
06    12.3    20.4   15:16    06.7   02:27     06.0     00.0    08.4   07.4     38.9    12:37     ENE
07    08.3    11.9   00:04    05.1   00:00     10.0     00.0    06.8   05.6     29.6    16:57      SW
08    03.9    06.2   14:45    01.7   06:01     14.4     00.0    00.0   06.3     29.6    16:51     WSW
09    04.6    08.4   13:51    00.9   03:25     13.7     00.0    00.0   00.9     11.1    15:48     SSE
10    09.1    13.1   16:44    03.6   05:09     09.2     00.0    00.0   01.9     16.6    12:45      N 
11    10.0    13.3   18:04    06.8   06:26     08.3     00.0    00.0   06.1     27.8    08:08     NNE
12    13.7    20.4   16:04    07.8   05:17     04.6     00.0    00.0   04.9     20.4    19:35      NE
13    13.8    19.1   12:00    10.5   06:14     04.5     00.0    05.6   02.2     20.4    13:00      NE
14    10.4    12.7   16:09    08.3   07:07     07.9     00.0    03.8   03.7     20.4    23:42      NE
15    15.3    21.8   14:40    09.0   02:06     03.0     00.0    00.6   07.6     35.1    13:04      NW
16    16.7    24.0   16:30    08.7   06:17     01.6     00.0    00.0   02.2     22.2    15:20      SW
17    21.8    31.0   14:51    13.6   06:04     00.0     03.5    00.0   03.1     25.9    16:17     SSW
18    24.8    30.7   13:20    18.3   06:59     00.0     06.5    00.0   03.5     42.5    21:43     SSW
19    16.2    20.7   16:22    10.5   00:00     02.1     00.0    00.0   05.2     27.8    05:51     WNW
20    11.7    18.4   15:23    06.0   06:13     06.6     00.0    00.0   04.0     29.6    00:17      N 
21    14.6    19.1   13:38    08.3   02:24     03.7     00.0    01.0   03.2     24.1    13:58     ENE
22    11.5    13.4   00:01    09.9   07:58     06.8     00.0    09.4   01.8     29.6    05:11     ESE
23    15.7    21.9   15:29    10.2   02:20     02.6     00.0    00.0   00.3     14.8    14:40     WSW
24    17.7    25.3   15:43    10.3   06:06     00.6     00.0    00.0   00.5     14.8    11:41     ENE
25    15.7    19.3   15:15    12.5   00:00     02.6     00.0    09.6   06.3     37.0    20:28      NE
26    12.6    13.7   19:39    11.8   00:00     05.7     00.0    03.0   05.6     29.6    05:01     NNE
27    16.6    23.7   16:02    11.4   04:03     01.7     00.0    00.0   00.2     18.5    09:02     SSE
28    18.9    27.8   15:55    11.8   05:33     00.0     00.6    00.0   00.2     12.9    17:10      SE
29    15.4    19.2   09:25    12.7   00:00     02.9     00.0    05.8   03.0     24.1    17:30     ESE
30    14.6    17.1   17:24    12.2   04:17     03.7     00.0    07.2   00.9     18.5    19:16     ESE
31    17.0    24.7   16:27    11.9   05:51     01.3     00.0    01.4   00.6     27.8    19:03     SSE
--------------------------------------------------------------------------------------------------------
13.2 (13.4)   31.0  day 17     00.9  day 09   167.8    010.7   138.8   03.9     44.4   day 01     N
Max >=  30: 2
Min <=   30: 31
Max Rain: 47.4 ON 1-05-17
Days of Rain: 15 (> .2mm) 11 (> 2mm) 2 (> 20mm)