NOAA style reports

NOAA-style Climate Reports

Select NOAA data to display

Select a Year or Month report
2022 > Jan Feb Mar Apr May Jun Jul Aug Sep Oct Nov Dec
2021 > Jan Feb Mar Apr May Jun Jul Aug Sep Oct Nov Dec
2020 > Jan Feb Mar Apr May Jun Jul Aug Sep Oct Nov Dec
2019 > Jan Feb Mar Apr May Jun Jul Aug Sep Oct Nov Dec
2018 > Jan Feb Mar Apr May Jun Jul Aug Sep Oct Nov Dec
2017 > Jan Feb Mar Apr May Jun Jul Aug Sep Oct Nov Dec

Report for 2022 01

Daily noaa report



                            MONTHLY CLIMATOLOGICAL SUMMARY for JAN. 2022

NAME: Home Weather Station VP2   CITY: Pointe-Claire STATE: Quebec, Canada
ELEV: 157 LAT: 045:28:02 LONG: 0073:48:18

                            TEMPERATURE ( C), RAIN (mm), WIND SPEED (kmh)

                                               HEAT     COOL           AVG
      MEAN                                     DEG      DEG            WIND                       DOM
DAY   TEMP    HIGH   TIME     LOW    TIME      DAYS     DAYS    RAIN   SPEED    HIGH    TIME      DIR
--------------------------------------------------------------------------------------------------------
01    00.4    01.3   15:36   -02.1   00:00     17.9     00.0    01.4   03.6     25.9    22:19     WSW
02   -07.6   -02.1   00:04   -13.9   00:00     25.9     00.0    02.6   04.9     20.4    02:15     SSW
03   -14.9   -11.8   14:46   -17.7   07:04     33.2     00.0    00.0   02.2     14.8    23:39     ENE
04   -07.9   -01.7   20:41   -16.1   00:27     26.2     00.0    00.0   02.9     18.5    23:27     WNW
05   -02.9    01.7   00:00   -08.4   17:10     21.2     00.0    00.8   03.8     37.0    23:52     WNW
06   -02.7    01.7   00:18   -06.9   00:00     21.0     00.0    00.0   11.3     50.0    05:17     WSW
07   -08.2   -02.3   00:00   -14.3   00:00     26.5     00.0    00.4   05.3     27.8    17:26      NE
08   -14.5   -10.2   23:37   -19.0   07:18     32.8     00.0    00.0   07.0     29.6    06:46     WSW
09   -04.2    03.0   16:44   -24.2   22:46     22.5     00.0    04.6   08.3     46.3    22:43      W 
10   -12.3   -06.0   00:01   -19.4   00:00     30.6     00.0    00.0   07.2     35.1    12:20      SW
11   -21.3   -16.7   00:00   -24.2   07:32     39.6     00.0    00.0   04.2     22.2    14:32     NNE
12   -12.6   -08.1   00:00   -16.7   00:02     30.9     00.0    00.4   03.2     27.8    01:45      NE
13   -08.8   -06.5   17:23   -11.0   00:00     27.1     00.0    00.2   05.5     20.4    01:26      N 
14   -11.6   -06.5   06:12   -21.6   00:00     29.9     00.0    00.0   08.1     31.4    14:02     NNW
15   -21.7   -18.7   14:16   -25.0   07:30     40.0     00.0    00.0   06.7     29.6    17:17     WSW
16   -18.4   -12.6   15:47   -22.9   03:28     36.7     00.0    00.0   05.7     24.1    21:03      NE
17   -08.6   -03.4   19:43   -17.4   00:04     26.9     00.0    01.0   13.4     50.0    12:24      N 
18   -12.9   -06.8   00:17   -18.3   21:38     31.2     00.0    00.0   08.1     37.0    14:15     WSW
19   -14.2   -07.5   00:00   -18.3   00:01     32.5     00.0    01.6   06.8     29.6    05:14      NE
--------------------------------------------------------------------------------------------------------
-10.8 (-11.3)   03.0  day 08    -25.0  day 14   552.9    000.0   013.0   06.2     50.0   day 17     WNW
Max <=   0: 15
Min <=   0: 19
Min <= -18: 9
Max <=  -5: 11
Min <=  -5: 18
Max <= -10: 5
Min <= -10: 16
Max <= -15: 2
Min <= -15: 13
Min <= -20: 5
Max Rain: 4.6 ON 9-01-22
Days of Rain: 9 (> .2mm) 2 (> 2mm) 0 (> 20mm)